usands digit of 93842084?
2
What is the ten millions digit of 203578293?
0
What is the tens digit of 410091842?
4
What is the ten thousands digit of 64935222?
3
What is the hundred millions digit of 970873102?
9
What is the ten thousands digit of 1082306947?
0
What is the units digit of 8299111?
1
What is the units digit of 140743981?
1
What is the hundreds digit of 328360317?
3
What is the millions digit of 2792325?
2
What is the millions digit of 170710561?
0
What is the hundreds digit of 526434151?
1
What is the millions digit of 6717675?
6
What is the units digit of 332654401?
1
What is the hundred thousands digit of 7141075834?
0
What is the thousands digit of 376562185?
2
What is the millions digit of 122940452?
2
What is the hundreds digit of 1014833538?
5
What is the hundred thousands digit of 274234988?
2
What is the tens digit of 345150128?
2
What is the units digit of 601183708?
8
What is the ten millions digit of 5701525532?
0
What is the thousands digit of 1082302447?
2
What is the ten thousands digit of 50066363?
6
What is the thousands digit of 72389114?
9
What is the millions digit of 227401062?
7
What is the ten thousands digit of 47391905?
9
What is the hundred thousands digit of 194656395?
6
What is the hundreds digit of 496479643?
6
What is the tens digit of 895960244?
4
What is the hundred thousands digit of 28262246?
2
What is the billions digit of 7757130359?
7
What is the millions digit of 19608153?
9
What is the tens digit of 28451111?
1
What is the millions digit of 546249594?
6
What is the tens digit of 43036299?
9
What is the hundred millions digit of 1004575587?
0
What is the ten thousands digit of 68512248?
1
What is the tens digit of 1388519466?
6
What is the millions digit of 30418947?
0
What is the hundred thousands digit of 274120477?
1
What is the units digit of 522939204?
4
What is the units digit of 412001198?
8
What is the units digit of 860069411?
1
What is the hundreds digit of 31863809?
8
What is the hundred millions digit of 1395421415?
3
What is the hundred thousands digit of 6529940944?
9
What is the tens digit of 754011415?
1
What is the units digit of 23778769?
9
What is the hundred millions digit of 132562550?
1
What is the millions digit of 134892183?
4
What is the hundreds digit of 391591140?
1
What is the ten millions digit of 551123085?
5
What is the ten thousands digit of 23573478?
7
What is the ten thousands digit of 7913408809?
0
What is the ten thousands digit of 263456232?
5
What is the ten thousands digit of 59894096?
9
What is the thousands digit of 30234561?
4
What is the millions digit of 192502615?
2
What is the units digit of 995739098?
8
What is the thousands digit of 81487195?
7
What is the hundreds digit of 45130925?
9
What is the hundred thousands digit of 11634416?
6
What is the ten millions digit of 970003282?
7
What is the thousands digit of 4870519656?
9
What is the ten thousands digit of 29741905?
4
What is the tens digit of 784142407?
0
What is the units digit of 93738309?
9
What is the ten millions digit of 860489924?
6
What is the units digit of 628756247?
7
What is the hundred millions digit of 1504829677?
5
What is the thousands digit of 648063842?
3
What is the tens digit of 77716658?
5
What is the tens digit of 296425080?
8
What is the ten millions digit of 6203847025?
0
What is the hundred thousands digit of 706598842?
5
What is the millions digit of 1543888665?
3
What is the units digit of 80041192?
2
What is the billions digit of 1223997937?
1
What is the ten thousands digit of 971281880?
8
What is the hundred millions digit of 5547579810?
5
What is the thousands digit of 34544213?
4
What is the ten millions digit of 1419017573?
1
What is the units digit of 2130051556?
6
What is the units digit of 24351702?
2
What is the hundred millions digit of 902627501?
9
What is the ten thousands digit of 399714310?
1
What is the hundred millions digit of 2696649692?
6
What is the hundreds digit of 1458094756?
7
What is the hundred millions digit of 260135084?
2
What is the thousands digit of 118687858?
7
What is the tens digit of 183421343?
4
What is the tens digit of 34036467?
6
What is the units digit of 1209668437?
7
What is the thousands digit of 80630644?
0
What is the tens digit of 634480989?
8
What is the hundred thousands digit of 294904700?
9
What is the ten thousands digit of 62594626?
9
What is the hundred millions digit of 1345405032?
3
What is the millions digit of 48176962?
8
What is the units digit of 7048357994?
4
What is the ten millions digit of 21466926?
2
What is the units digit of 647162356?
6
What is the ten thousands digit of 404735832?
3
What is the hundreds digit of 119235033?
0
What is the hundred millions digit of 109028282?
1
What is the millions digit of 1355362002?
5
What is the units digit of 24547708?
8
What is the millions digit of 17714435?
7
What is the thousands digit of 1791535410?
5
What is the ten thousands digit of 427904958?
0
What is the ten thousands digit of 5587793509?
9
What is the units digit of 95108012?
2
What is the hundred thousands digit of 244401212?
4
What is the tens digit of 35469333?
3
What is the units digit of 103037396?
6
What is the hundred thousands digit of 1849409351?
4
What is the millions digit of 186836911?
6
What is the millions digit of 77931582?
7
What is the ten thousands digit of 878096238?
9
What is the hundred thousands digit of 474196291?
1
What is the hundred thousands digit of 34183296?
1
What is the billions digit of 2135988716?
2
What is the units digit of 91732402?
2
What is the hundred millions digit of 5286279447?
2
What is the hundred thousands digit of 332331493?
3
What is the hundred thousands digit of 4041198925?
1
What is the tens digit of 1833063126?
2
What is the ten thousands digit of 2803759128?
5
What is the thousands digit of 86922871?
2
What is the hundreds digit of 32962496?
4
What is the thousands digit of 59887387?
7
What is the tens digit of 256729384?
8
What is the ten thousands digit of 276005576?
0
What is the millions digit of 1802793021?
2
What is the ten millions digit of 90634347?
9
What is the millions digit of 52949249?
2
What is the ten millions digit of 108913431?
0
What is the ten thousands digit of 2319300?
1
What is the billions digit of 1130758190?
1
What is the thousands digit of 76442333?
2
What is the thousands digit of 43375987?
5
What is the hundred thousands digit of 1553226426?
2
What is the ten thousands digit of 69172785?
7
What is the tens digit of 105402659?
5
What is the ten millions digit of 5030279005?
3
What is the ten thousands digit of 379656264?
5
What is the millions digit of 251783266?
1
What is the units digit of 53258240?
0
What is the millions digit of 6621253?
6
What is the tens digit of 252955537?
3
What is the hundreds digit of 322777563?
5
What is the hundred millions digit of 2648114801?
6
What is the ten millions digit of 75207291?
7
What is the hundred thousands digit of 32814124?
8
What is the thousands digit of 840583451?
3
What is the ten millions digit of 6520374850?
2
What is the tens digit of 114158024?
2
What is the tens digit of 3251962304?
0
What is the thousands digit of 35094759?
4
What is the ten thousands digit of 13868441?
6
What is the millions digit of 4621712124?
1
What is the ten thousands digit of 36055841?
5
What is the millions digit of 1220238207?
0
What is the hundred millions digit of 542504078?
5
What is the units digit of 2582813899?
9
What is the hundreds digit of 100830512?
5
What is the tens digit of 647332132?
3
What is the hundreds digit of 6031372588?
5
What is the hundred thousands digit of 265486?
2
What is the millions digit of 3373331104?
3
What is the units digit of 89020744?
4
What is the ten millions digit of 26325456?
2
What is the ten millions digit of 215577947?
1
What is the millions digit of 113714208?
3
What is the tens digit of 219364506?
0
What is the hundreds digit of 239715330?
3
What is the tens digit of 1086905154?
5
What is the thousands digit of 79891682?
1
What is the hundreds digit of 83969179?
1
What is the hundred thousands digit of 6031625406?
6
What is the ten thousands digit of 27468392?
6
What is the hundred thousands digit of 864010817?
0
What is the hundred millions d